{"id":684,"date":"2020-06-11T11:04:17","date_gmt":"2020-06-11T11:04:17","guid":{"rendered":"https:\/\/vfb-rlp.de\/?page_id=684"},"modified":"2022-09-02T16:27:20","modified_gmt":"2022-09-02T16:27:20","slug":"vorstand","status":"publish","type":"page","link":"https:\/\/vfb-rlp.de\/?page_id=684","title":{"rendered":"Vorstand"},"content":{"rendered":"\n<figure class=\"wp-block-table\"><table><tbody><tr><td>Johannes Bell<\/td><td>Vorsitzender<br><img decoding=\"async\" loading=\"lazy\" width=\"660\" height=\"917\" class=\"wp-image-727\" style=\"width: 150px;\" src=\"https:\/\/vfb-rlp.de\/wp-content\/uploads\/2020\/07\/Johannes-Bell.jpg\" alt=\"\" srcset=\"https:\/\/vfb-rlp.de\/wp-content\/uploads\/2020\/07\/Johannes-Bell.jpg 660w, https:\/\/vfb-rlp.de\/wp-content\/uploads\/2020\/07\/Johannes-Bell-216x300.jpg 216w\" sizes=\"(max-width: 660px) 100vw, 660px\" \/><br>B\u00fcrgermeister der <br><a href=\"https:\/\/brohltal-verwaltung.de\">Verbandsgemeinde Brohltal<\/a><\/td><\/tr><tr><td><a href=\"mailto:info@vfb-rlp.de\">Steffen Antweiler<\/a><\/td><td>1. stellvertretende Vorsitzender<br><img decoding=\"async\" loading=\"lazy\" width=\"1078\" height=\"1492\" class=\"wp-image-719\" style=\"width: 150px;\" src=\"https:\/\/vfb-rlp.de\/wp-content\/uploads\/2020\/07\/Steffen-Antweiler.jpg\" alt=\"\" srcset=\"https:\/\/vfb-rlp.de\/wp-content\/uploads\/2020\/07\/Steffen-Antweiler.jpg 1078w, https:\/\/vfb-rlp.de\/wp-content\/uploads\/2020\/07\/Steffen-Antweiler-217x300.jpg 217w, https:\/\/vfb-rlp.de\/wp-content\/uploads\/2020\/07\/Steffen-Antweiler-740x1024.jpg 740w, https:\/\/vfb-rlp.de\/wp-content\/uploads\/2020\/07\/Steffen-Antweiler-768x1063.jpg 768w\" sizes=\"(max-width: 1078px) 100vw, 1078px\" \/><br>B\u00fcrgermeister der<br><a href=\"https:\/\/www.vg-goellheim.de\">Verbandsgemeinde G\u00f6llheim<\/a><\/td><\/tr><tr><td>Thilo Becker<\/td><td>2. stellvertretende Vorsitzender<br><img decoding=\"async\" loading=\"lazy\" width=\"1440\" height=\"2160\" class=\"wp-image-737\" style=\"width: 150px;\" src=\"https:\/\/vfb-rlp.de\/wp-content\/uploads\/2020\/07\/ThiloBecker-VFB.jpg\" alt=\"\" srcset=\"https:\/\/vfb-rlp.de\/wp-content\/uploads\/2020\/07\/ThiloBecker-VFB.jpg 1440w, https:\/\/vfb-rlp.de\/wp-content\/uploads\/2020\/07\/ThiloBecker-VFB-200x300.jpg 200w, https:\/\/vfb-rlp.de\/wp-content\/uploads\/2020\/07\/ThiloBecker-VFB-683x1024.jpg 683w, https:\/\/vfb-rlp.de\/wp-content\/uploads\/2020\/07\/ThiloBecker-VFB-768x1152.jpg 768w, https:\/\/vfb-rlp.de\/wp-content\/uploads\/2020\/07\/ThiloBecker-VFB-1024x1536.jpg 1024w, https:\/\/vfb-rlp.de\/wp-content\/uploads\/2020\/07\/ThiloBecker-VFB-1365x2048.jpg 1365w\" sizes=\"(max-width: 1440px) 100vw, 1440px\" \/><br>B\u00fcrgermeister der<br><a href=\"https:\/\/www.hoehr-grenzhausen.de\/\">Verbandsgemeinde H\u00f6hr-Grenzhausen<\/a><\/td><\/tr><tr><td>Steffen Unger<\/td><td>Schriftf\u00fchrer<br><img decoding=\"async\" loading=\"lazy\" width=\"783\" height=\"1024\" class=\"wp-image-716\" style=\"width: 150px;\" src=\"https:\/\/vfb-rlp.de\/wp-content\/uploads\/2020\/06\/Pressefoto-Unger-Freigabe-f\u00fcr-VFB.jpg\" alt=\"\" srcset=\"https:\/\/vfb-rlp.de\/wp-content\/uploads\/2020\/06\/Pressefoto-Unger-Freigabe-f\u00fcr-VFB.jpg 783w, https:\/\/vfb-rlp.de\/wp-content\/uploads\/2020\/06\/Pressefoto-Unger-Freigabe-f\u00fcr-VFB-229x300.jpg 229w, https:\/\/vfb-rlp.de\/wp-content\/uploads\/2020\/06\/Pressefoto-Unger-Freigabe-f\u00fcr-VFB-768x1004.jpg 768w\" sizes=\"(max-width: 783px) 100vw, 783px\" \/><br>B\u00fcrgermeister der<br><a href=\"https:\/\/www.alzey-land.de\">Verbandsgemeinde Alzey-Land<\/a><\/td><\/tr><tr><td>Marcel Caspers<\/td><td>Schatzmeister<br><br>B\u00fcrgermeister der<br><a href=\"https:\/\/www.bad-breisig.de\/\">Verbandsgemeinde Bad-Breisig<\/a><\/td><\/tr><tr><td>Janine Fischer<\/td><td>Beisitzerin<br><br>B\u00fcrgermeisterin der<br><a href=\"https:\/\/bitburgerland.de\">Verbandsgemeinde Bitburger-Land<\/a><\/td><\/tr><tr><td>Martin Groth<\/td><td>Beisitzer<br>B\u00fcrgermeister der<br><a href=\"https:\/\/www.vg-rhein-selz.de\">Verbandsgemeinde Rhein-Selz<\/a><\/td><\/tr><tr><td>Kathrin Laymann<\/td><td>Beisitzerin<br><img decoding=\"async\" loading=\"lazy\" width=\"1046\" height=\"1154\" class=\"wp-image-772\" style=\"width: 150px;\" src=\"https:\/\/vfb-rlp.de\/wp-content\/uploads\/2022\/09\/Portrait-Laymann-2.jpg\" alt=\"\" srcset=\"https:\/\/vfb-rlp.de\/wp-content\/uploads\/2022\/09\/Portrait-Laymann-2.jpg 1046w, https:\/\/vfb-rlp.de\/wp-content\/uploads\/2022\/09\/Portrait-Laymann-2-272x300.jpg 272w, https:\/\/vfb-rlp.de\/wp-content\/uploads\/2022\/09\/Portrait-Laymann-2-928x1024.jpg 928w, https:\/\/vfb-rlp.de\/wp-content\/uploads\/2022\/09\/Portrait-Laymann-2-768x847.jpg 768w\" sizes=\"(max-width: 1046px) 100vw, 1046px\" \/><br>B\u00fcrgermeisterin der<br><a href=\"https:\/\/www.vg-rhein-mosel.de\">Verandsgemeinde Rhein-Mosel<\/a><\/td><\/tr><tr><td>Manuel Seiler<\/td><td>Beisitzer<br><img decoding=\"async\" loading=\"lazy\" width=\"623\" height=\"933\" class=\"wp-image-758\" style=\"width: 150px;\" src=\"https:\/\/vfb-rlp.de\/wp-content\/uploads\/2022\/07\/Manuel-Seiler-verkleinert.jpg\" alt=\"\" srcset=\"https:\/\/vfb-rlp.de\/wp-content\/uploads\/2022\/07\/Manuel-Seiler-verkleinert.jpg 623w, https:\/\/vfb-rlp.de\/wp-content\/uploads\/2022\/07\/Manuel-Seiler-verkleinert-200x300.jpg 200w\" sizes=\"(max-width: 623px) 100vw, 623px\" \/><br>B\u00fcrgermeister der<a href=\"https:\/\/www.kirchheimbolanden.de\/\"><br><\/a><a href=\"https:\/\/vg-dierdorf.de\">Verbandsgemeinde Dierdorf<\/a><\/td><\/tr><\/tbody><\/table><\/figure>\n\n\n\n<p><\/p>\n\n\n\n<p><\/p>\n","protected":false},"excerpt":{"rendered":"<p>Johannes Bell VorsitzenderB\u00fcrgermeister der Verbandsgemeinde Brohltal Steffen Antweiler 1. stellvertretende VorsitzenderB\u00fcrgermeister derVerbandsgemeinde G\u00f6llheim Thilo Becker 2. stellvertretende VorsitzenderB\u00fcrgermeister derVerbandsgemeinde H\u00f6hr-Grenzhausen Steffen Unger Schriftf\u00fchrerB\u00fcrgermeister derVerbandsgemeinde Alzey-Land Marcel Caspers Schatzmeister B\u00fcrgermeister derVerbandsgemeinde Bad-Breisig Janine Fischer Beisitzerin B\u00fcrgermeisterin derVerbandsgemeinde Bitburger-Land Martin Groth BeisitzerB\u00fcrgermeister derVerbandsgemeinde Rhein-Selz Kathrin Laymann BeisitzerinB\u00fcrgermeisterin derVerandsgemeinde Rhein-Mosel Manuel Seiler BeisitzerB\u00fcrgermeister derVerbandsgemeinde Dierdorf<\/p>\n","protected":false},"author":1,"featured_media":0,"parent":0,"menu_order":0,"comment_status":"closed","ping_status":"closed","template":"","meta":[],"_links":{"self":[{"href":"https:\/\/vfb-rlp.de\/index.php?rest_route=\/wp\/v2\/pages\/684"}],"collection":[{"href":"https:\/\/vfb-rlp.de\/index.php?rest_route=\/wp\/v2\/pages"}],"about":[{"href":"https:\/\/vfb-rlp.de\/index.php?rest_route=\/wp\/v2\/types\/page"}],"author":[{"embeddable":true,"href":"https:\/\/vfb-rlp.de\/index.php?rest_route=\/wp\/v2\/users\/1"}],"replies":[{"embeddable":true,"href":"https:\/\/vfb-rlp.de\/index.php?rest_route=%2Fwp%2Fv2%2Fcomments&post=684"}],"version-history":[{"count":21,"href":"https:\/\/vfb-rlp.de\/index.php?rest_route=\/wp\/v2\/pages\/684\/revisions"}],"predecessor-version":[{"id":773,"href":"https:\/\/vfb-rlp.de\/index.php?rest_route=\/wp\/v2\/pages\/684\/revisions\/773"}],"wp:attachment":[{"href":"https:\/\/vfb-rlp.de\/index.php?rest_route=%2Fwp%2Fv2%2Fmedia&parent=684"}],"curies":[{"name":"wp","href":"https:\/\/api.w.org\/{rel}","templated":true}]}}