{"id":766,"date":"2022-08-23T17:54:42","date_gmt":"2022-08-23T17:54:42","guid":{"rendered":"https:\/\/vfb-rlp.de\/?page_id=766"},"modified":"2022-08-23T17:54:43","modified_gmt":"2022-08-23T17:54:43","slug":"neuer-vorstand","status":"publish","type":"page","link":"https:\/\/vfb-rlp.de\/?page_id=766","title":{"rendered":"Neuer Vorstand"},"content":{"rendered":"\n<p><strong>Johannes Bell \u00fcbernimmt Vorsitz von Klaus M\u00fcller<\/strong><\/p>\n\n\n\n<p>Im Jahr 2007 haben sich in Rheinland-Pfalz die den Freien W\u00e4hlern angeh\u00f6renden oder parteiunabh\u00e4ngigen hauptamtlichen B\u00fcrgermeister und Beigeordneten zu einem Verein zusammengeschlossen. Sie gr\u00fcndeten die Vereinigung der Freien B\u00fcrgermeister und Beigeordneten Rheinland-Pfalz e. V. (VFB). Ziel des Zusammenschlusses war insbesondere der fachliche und pers\u00f6nliche Austausch der Mitglieder untereinander, eine geb\u00fcndelte Vertretung der spezifischen Interessen sowie eine bessere Wahrnehmbarkeit der stark steigenden Mitglieder auf Landesebene.<\/p>\n\n\n\n<p>Zum ersten Vorsitzenden der Vereinigung wurde der damalige erste Beigeordnete der Verbandsgemeinde Nieder-Olm, Erwin Malkmus, gew\u00e4hlt. Er leistete wichtige Aufbauarbeit und f\u00fchrte den VFB \u00fcber 10 Jahre bis 2018. Nach 24-j\u00e4hriger T\u00e4tigkeit als hauptamtlicher Beigeordneter in Nieder-Olm und Eintritt in den wohlverdienten Ruhestand zog er sich auch von dem Vorsitz des VFB zur\u00fcck. Er ist jedoch nach wie vor engagiert dabei und steht zur Verf\u00fcgung, wenn er gebraucht wird.<\/p>\n\n\n\n<figure class=\"wp-block-image aligncenter size-full\"><img decoding=\"async\" loading=\"lazy\" width=\"782\" height=\"796\" src=\"https:\/\/vfb-rlp.de\/wp-content\/uploads\/2022\/08\/VFB-Vorstandswechsel2022a.jpg\" alt=\"\" class=\"wp-image-767\" srcset=\"https:\/\/vfb-rlp.de\/wp-content\/uploads\/2022\/08\/VFB-Vorstandswechsel2022a.jpg 782w, https:\/\/vfb-rlp.de\/wp-content\/uploads\/2022\/08\/VFB-Vorstandswechsel2022a-295x300.jpg 295w, https:\/\/vfb-rlp.de\/wp-content\/uploads\/2022\/08\/VFB-Vorstandswechsel2022a-768x782.jpg 768w\" sizes=\"(max-width: 782px) 100vw, 782px\" \/><figcaption>Der gew\u00e4hlte Vorstand des VFB Rheinland-Pfalz mit dem scheidenden Vorsitzenden Klaus M\u00fcller (obere Reihe ganz links, B\u00fcrgermeister VG Selters) und dem neuen Vorsitzenden Johannes Bell (untere Reihe, zweiter von links, B\u00fcrgermeister VG Brohltal).<\/figcaption><\/figure>\n\n\n\n<p>Als sein Nachfolger \u00fcbernahm Klaus M\u00fcller, amtierender B\u00fcrgermeister der Verbandsgemeinde Selters, die F\u00fchrung des VFB. Da seine Amtszeit als B\u00fcrgermeister im n\u00e4chsten Jahr nach 24 Jahren enden wird und er eine weitere Kandidatur nicht anstrebt, standen die j\u00fcngsten Neuwahlen f\u00fcr den Vorstand des VFB im Zeichen der personellen Ver\u00e4nderungen.<\/p>\n\n\n\n<p>Einstimmig zum neuen Vorsitzenden wurde Johannes Bell, B\u00fcrgermeister der Verbandsgemeinde Brohltal im Landkreis Ahrweiler, gew\u00e4hlt.<br>Ihm zur Seite als erster Stellvertreter steht B\u00fcrgermeister Steffen Antweiler von der VG G\u00f6llheim. Er ist zugleich zweiter stellvertretender Landesvorsitzender des Gemeinde- und St\u00e4dtebundes Rheinland-Pfalz (GStB) und tritt somit als Bindeglied zu dieser Interessenvertretung auf.<\/p>\n\n\n\n<p>Neuer zweiter stellvertretender Vorsitzender des VFB ist der bisherige Beisitzer Thilo Becker, B\u00fcrgermeister der Verbandsgemeinde H\u00f6hr-Grenzhausen.<\/p>\n\n\n\n<p>Wiedergew\u00e4hlt f\u00fcr die Funktion des Schriftf\u00fchrers wurde Steffen Unger, B\u00fcrgermeister der VG Alzey-Land, der dieses Amt schon seit mehreren Jahren aus\u00fcbt.<\/p>\n\n\n\n<p>Als neuer Schatzmeister l\u00f6st Marcel Caspers, B\u00fcrgermeister der Verbandsgemeinde und Stadt Bad Breisig, den bisherigen Amtsinhaber Harald Gemmer (VG Aar-Einrich) ab, der diese Funktion seit der Gr\u00fcndung des Vereins innehatte. Er wird nach \u00fcber 25-j\u00e4hriger T\u00e4tigkeit als Verbandsgemeindeb\u00fcrgermeister im Herbst in den verdienten Ruhestand verabschiedet.<\/p>\n\n\n\n<p>Neue Beisitzerinnen und Beisitzer sind Janine Fischer (VG Bitburger Land), Kathrin Laymann (VG Rhein-Mosel), Martin Groth (VG Rein-Selz) und Manuel Seiler (VG Dierdorf), die allesamt ihre \u00c4mter als B\u00fcrgermeister\/in ihrer Verbandsgemeinde erst j\u00fcngst angetreten haben.<\/p>\n\n\n\n<p>Der neue Vorsitzende des VFB Johannes Bell dankte den scheidenden Vorstandsmitgliedern f\u00fcr ihre langj\u00e4hrige engagierte Arbeit, die allesamt ehrenamtlich wahrgenommen wird. Er freut sich auf die Zusammensetzung des gew\u00e4hlten Gremiums mit neuen aber auch erfahrenen hauptamtlichen Repr\u00e4sentanten ihrer Kommunen. Weiterhin kommt in der Besetzung die kontinuierlich gestiegene Mitgliederzahl \u00fcber ganz Rheinland-Pfalz zum Ausdruck. Mittlerweile umfasst der Verein knapp 50 Mitglieder aus vielen unterschiedlichen Regionen des Landes. Fachlich wird sich der VFB in der n\u00e4chsten Zeit insbesondere mit den Reformen des Kommunalen Finanzausgleichs und der Grundsteuer befassen.<\/p>\n","protected":false},"excerpt":{"rendered":"<p>Johannes Bell \u00fcbernimmt Vorsitz von Klaus M\u00fcller Im Jahr 2007 haben sich in Rheinland-Pfalz die den Freien W\u00e4hlern angeh\u00f6renden oder parteiunabh\u00e4ngigen hauptamtlichen B\u00fcrgermeister und Beigeordneten zu einem Verein zusammengeschlossen. Sie gr\u00fcndeten die Vereinigung der Freien B\u00fcrgermeister und Beigeordneten Rheinland-Pfalz e. V. (VFB). Ziel des Zusammenschlusses war insbesondere der fachliche und pers\u00f6nliche Austausch der Mitglieder untereinander, [&hellip;]<\/p>\n","protected":false},"author":1,"featured_media":0,"parent":0,"menu_order":0,"comment_status":"closed","ping_status":"closed","template":"","meta":[],"_links":{"self":[{"href":"https:\/\/vfb-rlp.de\/index.php?rest_route=\/wp\/v2\/pages\/766"}],"collection":[{"href":"https:\/\/vfb-rlp.de\/index.php?rest_route=\/wp\/v2\/pages"}],"about":[{"href":"https:\/\/vfb-rlp.de\/index.php?rest_route=\/wp\/v2\/types\/page"}],"author":[{"embeddable":true,"href":"https:\/\/vfb-rlp.de\/index.php?rest_route=\/wp\/v2\/users\/1"}],"replies":[{"embeddable":true,"href":"https:\/\/vfb-rlp.de\/index.php?rest_route=%2Fwp%2Fv2%2Fcomments&post=766"}],"version-history":[{"count":2,"href":"https:\/\/vfb-rlp.de\/index.php?rest_route=\/wp\/v2\/pages\/766\/revisions"}],"predecessor-version":[{"id":769,"href":"https:\/\/vfb-rlp.de\/index.php?rest_route=\/wp\/v2\/pages\/766\/revisions\/769"}],"wp:attachment":[{"href":"https:\/\/vfb-rlp.de\/index.php?rest_route=%2Fwp%2Fv2%2Fmedia&parent=766"}],"curies":[{"name":"wp","href":"https:\/\/api.w.org\/{rel}","templated":true}]}}

<p><strong>Johannes Bell übernimmt Vorsitz von Klaus Müller</strong></p>



<p>Im Jahr 2007 haben sich in Rheinland-Pfalz die den Freien Wählern angehörenden oder parteiunabhängigen hauptamtlichen Bürgermeister und Beigeordneten zu einem Verein zusammengeschlossen. Sie gründeten die Vereinigung der Freien Bürgermeister und Beigeordneten Rheinland-Pfalz e. V. (VFB). Ziel des Zusammenschlusses war insbesondere der fachliche und persönliche Austausch der Mitglieder untereinander, eine gebündelte Vertretung der spezifischen Interessen sowie eine bessere Wahrnehmbarkeit der stark steigenden Mitglieder auf Landesebene.</p>



<p>Zum ersten Vorsitzenden der Vereinigung wurde der damalige erste Beigeordnete der Verbandsgemeinde Nieder-Olm, Erwin Malkmus, gewählt. Er leistete wichtige Aufbauarbeit und führte den VFB über 10 Jahre bis 2018. Nach 24-jähriger Tätigkeit als hauptamtlicher Beigeordneter in Nieder-Olm und Eintritt in den wohlverdienten Ruhestand zog er sich auch von dem Vorsitz des VFB zurück. Er ist jedoch nach wie vor engagiert dabei und steht zur Verfügung, wenn er gebraucht wird.</p>



<figure class="wp-block-image aligncenter size-full"><img decoding="async" loading="lazy" width="782" height="796" src="https://vfb-rlp.de/wp-content/uploads/2022/08/VFB-Vorstandswechsel2022a.jpg" alt="" class="wp-image-767" srcset="https://vfb-rlp.de/wp-content/uploads/2022/08/VFB-Vorstandswechsel2022a.jpg 782w, https://vfb-rlp.de/wp-content/uploads/2022/08/VFB-Vorstandswechsel2022a-295x300.jpg 295w, https://vfb-rlp.de/wp-content/uploads/2022/08/VFB-Vorstandswechsel2022a-768x782.jpg 768w" sizes="(max-width: 782px) 100vw, 782px" /><figcaption>Der gewählte Vorstand des VFB Rheinland-Pfalz mit dem scheidenden Vorsitzenden Klaus Müller (obere Reihe ganz links, Bürgermeister VG Selters) und dem neuen Vorsitzenden Johannes Bell (untere Reihe, zweiter von links, Bürgermeister VG Brohltal).</figcaption></figure>



<p>Als sein Nachfolger übernahm Klaus Müller, amtierender Bürgermeister der Verbandsgemeinde Selters, die Führung des VFB. Da seine Amtszeit als Bürgermeister im nächsten Jahr nach 24 Jahren enden wird und er eine weitere Kandidatur nicht anstrebt, standen die jüngsten Neuwahlen für den Vorstand des VFB im Zeichen der personellen Veränderungen.</p>



<p>Einstimmig zum neuen Vorsitzenden wurde Johannes Bell, Bürgermeister der Verbandsgemeinde Brohltal im Landkreis Ahrweiler, gewählt.<br>Ihm zur Seite als erster Stellvertreter steht Bürgermeister Steffen Antweiler von der VG Göllheim. Er ist zugleich zweiter stellvertretender Landesvorsitzender des Gemeinde- und Städtebundes Rheinland-Pfalz (GStB) und tritt somit als Bindeglied zu dieser Interessenvertretung auf.</p>



<p>Neuer zweiter stellvertretender Vorsitzender des VFB ist der bisherige Beisitzer Thilo Becker, Bürgermeister der Verbandsgemeinde Höhr-Grenzhausen.</p>



<p>Wiedergewählt für die Funktion des Schriftführers wurde Steffen Unger, Bürgermeister der VG Alzey-Land, der dieses Amt schon seit mehreren Jahren ausübt.</p>



<p>Als neuer Schatzmeister löst Marcel Caspers, Bürgermeister der Verbandsgemeinde und Stadt Bad Breisig, den bisherigen Amtsinhaber Harald Gemmer (VG Aar-Einrich) ab, der diese Funktion seit der Gründung des Vereins innehatte. Er wird nach über 25-jähriger Tätigkeit als Verbandsgemeindebürgermeister im Herbst in den verdienten Ruhestand verabschiedet.</p>



<p>Neue Beisitzerinnen und Beisitzer sind Janine Fischer (VG Bitburger Land), Kathrin Laymann (VG Rhein-Mosel), Martin Groth (VG Rein-Selz) und Manuel Seiler (VG Dierdorf), die allesamt ihre Ämter als Bürgermeister/in ihrer Verbandsgemeinde erst jüngst angetreten haben.</p>



<p>Der neue Vorsitzende des VFB Johannes Bell dankte den scheidenden Vorstandsmitgliedern für ihre langjährige engagierte Arbeit, die allesamt ehrenamtlich wahrgenommen wird. Er freut sich auf die Zusammensetzung des gewählten Gremiums mit neuen aber auch erfahrenen hauptamtlichen Repräsentanten ihrer Kommunen. Weiterhin kommt in der Besetzung die kontinuierlich gestiegene Mitgliederzahl über ganz Rheinland-Pfalz zum Ausdruck. Mittlerweile umfasst der Verein knapp 50 Mitglieder aus vielen unterschiedlichen Regionen des Landes. Fachlich wird sich der VFB in der nächsten Zeit insbesondere mit den Reformen des Kommunalen Finanzausgleichs und der Grundsteuer befassen.</p>

<p>Johannes Bell übernimmt Vorsitz von Klaus Müller Im Jahr 2007 haben sich in Rheinland-Pfalz die den Freien Wählern angehörenden oder parteiunabhängigen hauptamtlichen Bürgermeister und Beigeordneten zu einem Verein zusammengeschlossen. Sie gründeten die Vereinigung der Freien Bürgermeister und Beigeordneten Rheinland-Pfalz e. V. (VFB). Ziel des Zusammenschlusses war insbesondere der fachliche und persönliche Austausch der Mitglieder untereinander, [&hellip;]</p>
